+ f + 36 = 0. What is the tens digit of h?
1
What is the units digit of 80/3*(-6873)/(-316)?
0
Suppose 2*x - 6 = -x. Suppose -x*s = -0*s - 468. What is the tens digit of s/8 - (-12)/(-48)?
2
Suppose 4*a - a = 6. Suppose 2*t + 12 = -a*u, 0 = u + 1 + 2. Let w(l) = 4*l**2 + l + 5. What is the units digit of w(t)?
8
Let r be ((-16)/10)/(-4)*210. Suppose 5*q = -o - r + 634, q + 2*o - 110 = 0. What is the units digit of 4380/q - 2/(-11)?
0
Let c(v) = v**3 - 9*v**2 - 9*v - 1. Let p be c(10). Suppose w = 2*b + 5, 4*w + 2*b = -b + p. Let t(k) = 3*k**2 - 7*k - 1. What is the units digit of t(w)?
5
Suppose -24*g = -27*g. Suppose -3*y - 4*l + 164 = g, -y - 5*l + 62 = -0*y. What is the tens digit of y?
5
Suppose 4*c - 14 = 18. Suppose 0 = c*f - 3*f. Suppose f*a = 5*a - 75. What is the tens digit of a?
1
Suppose j = -3*j + 5*x + 26, j + 3*x + 2 = 0. Suppose -j*v = -0*v - 76. Suppose -q + 2 = -v. What is the tens digit of q?
2
Let x be 198 - (1 + 0) - -1. Let j = -89 + 91. Suppose -r - x = -4*z, r + 96 = j*z - r. What is the units digit of z?
0
Suppose 7 = 3*h - 4*r, h + 2*h = -5*r + 52. What is the tens digit of -3*(4 - 69/h)?
1
Suppose 6*s - 11*s = -290. Suppose 69 - 233 = 4*i. Let g = s + i. What is the units digit of g?
7
Let j(c) = 639*c - 100. What is the thousands digit of j(8)?
5
Let r = 127 - 26. Suppose -z - 2*w + 26 + 12 = 0, 2*z - w = r. What is the units digit of z?
8
Let s(k) = -k**3 - k**2 + k + 5. Let h be s(0). Let q = h + -3. Suppose q*u = b + 39, u - 58 = -3*u - 2*b. What is the tens digit of u?
1
Let n(t) = -29*t - 123. What is the tens digit of n(-14)?
8
Let a(n) = -n**2 - 6*n + 9. Let i be a(-6). Let y = 15 + i. What is the tens digit of y?
2
Let p(w) = 46*w - 4. Let x be p(2). What is the units digit of ((-3)/(-2))/(3/x)?
4
What is the units digit of (-1 - -4) + (24 - -387)?
4
Let u be (-6)/(-9) - (-8)/(-3). What is the tens digit of 6/(-4) - 67/u?
3
Let s(u) = -3*u + 13. Let d(q) = -4*q + 13. Let j(g) = -6*d(g) + 5*s(g). Let f be j(7). Suppose 0 = -0*i + 2*i - f. What is the units digit of i?
5
Suppose 4*z - 697 = -l, 5*l + 3 = 8*l. Suppose -4*r = -c + z, 0 = -3*c + 5*c - r - 355. What is the tens digit of c?
7
Let y(b) = -b**3 + 5*b**2 + b - 2. Let n be 28/2 + (2 - 3). Let a be n/4 + 7/(-28). What is the units digit of y(a)?
9
Let r(l) = -4 + 0 - 1 - 5*l - 19. What is the units digit of r(-19)?
1
Let x(n) = 1 + n - 1 - 1. Let a be x(5). Let q(j) = j**2 + 5. What is the tens digit of q(a)?
2
Let y be 17/3*(-1 - 2). What is the units digit of (0 - -2)*y/(-2)?
7
Let b = 485 - -6. What is the units digit of b?
1
Suppose -5*k - 20 = 0, -k = -4*t + 379 + 77. What is the hundreds digit of t?
1
Suppose 2*t + 3*t = -10. Let a = 4 - t. What is the units digit of 2*2 - a/(-6)?
5
Let n = -69 - -72. Suppose -n*i + 43 = -398. What is the units digit of i?
7
Suppose 2*t + 50 = -8*t. What is the hundreds digit of (26/(-5))/(t/100)?
1
What is the tens digit of (-555)/((30/(-12))/5)?
1
Suppose -28*m = -27*m - 189. What is the hundreds digit of m?
1
Let m(p) be the second derivative of 7*p**3/3 - 13*p**2/2 + 48*p - 2. Let o be 4/(-6)*-3 + 2. What is the units digit of m(o)?
3
Suppose 24*v = 4*v + 15580. What is the hundreds digit of v?
7
Let v(n) = -n**2 + 52 - 49 - 31*n - 36 - 23. What is the units digit of v(-21)?
4
Suppose 2*n + 5 = -d, 3*d = -0*n - 4*n - 5. Suppose -2*v - 58 = d*r, 0 = r - 2*r - 5*v - 7. Let q = r + 14. What is the units digit of q?
2
Let z be (-38)/(-14) + (-4)/(-14). Suppose 13 + 53 = 5*i + k, 2*k + 37 = 3*i. Suppose -3 = 2*c + 5*l, -3*c - l = z*l - i. What is the units digit of c?
1
Let s be (-11 + 9)/(1/(-1)). Let d be 70/1 - (-1 - 0). Suppose d = 2*c + s*j + j, 3*j = -3*c + 102. What is the units digit of c?
1
Let x(g) = g**3 + 4*g**2 - 3*g - 4. Let v be x(-4). Let b = 16 - v. Suppose -4*i - 56 = -b*i. What is the units digit of i?
4
Let b = -640 - -1565. Suppose -b = -114*z + 109*z. What is the units digit of z?
5
Let s be 9/(-3) + 0 - -3. Suppose -m + 1 = 3*x - 2, s = 2*x. Suppose -4*c + m*c = -44. What is the tens digit of c?
4
Let a(k) = 0*k - 2*k - k - 12. Suppose 0 = 4*c + 5*h + 22, -10 = -2*c + 4*c + 3*h. What is the units digit of a(c)?
2
Let b be ((-381)/(-6) + 3)*2. Suppose 107 + b = 4*v. What is the tens digit of v?
6
Suppose -2*t - d + 14 = 0, 0*t - 5*d + 28 = 4*t. What is the tens digit of (t/3*-1)/(4/(-264))?
5
Suppose -1002 = -24*o + 2982. What is the units digit of o?
6
Let a = 216 + 7. What is the units digit of a?
3
Let o(w) = w**2 - 5*w - 3. Let d = 17 + -9. What is the units digit of o(d)?
1
Let r(q) = -3*q + 1. Let h be r(1). What is the tens digit of (-3 - -72)/(h - -3)?
6
Suppose -5*q + 9766 = z, q - 2*z = 2365 - 414. What is the units digit of q?
3
What is the tens digit of 6/24 - (-10209)/12?
5
Let u = 8 - 4. Suppose u*j + 16 = 2*p, 2*p - 25 = -0*p + j. What is the tens digit of p?
1
What is the tens digit of 3/4 + (-142477)/(-116)?
2
Let d(w) = -w**3 - 9*w**2 + 9*w - 1. Let g = -3 + 5. Suppose 0 = -g*h - 3*k - 32, 4*h + 7 = 5*k - 13. What is the units digit of d(h)?
9
Let k(n) = -n**3 + 5*n**2 + 9*n + 29. What is the units digit of k(-5)?
4
Let n(h) = 15*h - 32. What is the units digit of n(18)?
8
Suppose 4*s + q = 7*s - 7506, 0 = 4*s + 3*q - 10021. Suppose 10*i - s + 783 = 0. What is the tens digit of i?
7
Let r(s) = -14*s - 53. What is the tens digit of r(-11)?
0
Suppose 4*i + 1 = 13, 5*i = 5*x - 1115. What is the units digit of x?
6
Let o be (-3)/6*-2*(8 - 5). Suppose -o*s = l - 57, 5*l + s = -2*s + 321. What is the units digit of l?
6
Let q = 1732 + 1485. What is the tens digit of q?
1
Let j(i) be the third derivative of i**5/20 - i**4/6 + 3*i**3/2 - 17*i**2. What is the tens digit of j(4)?
4
Let k(i) = 28*i**2 + 84*i + 4. What is the units digit of k(-11)?
8
Let n(l) = 5*l + 11. Let z(h) = -h. Let r(u) = n(u) + 4*z(u). Let b be (-464)/(-56) + (-64)/28 + 2. What is the units digit of r(b)?
9
What is the hundreds digit of 2/(-4) - 403260/(-88)?
5
Suppose 0 = -d + 5 - 1. Suppose 0 = -d*z + y + 19 + 8, 0 = -z - 5*y + 12. Suppose -p - 89 = -4*q, p + z = -q + 28. What is the units digit of q?
2
Let c = -7 + 19. Let l = c - 9. Suppose 5*b + 2*u - 85 = 0, 4*u = 5*b + l*u - 85. What is the units digit of b?
7
Suppose 0*n = 5*i - 2*n - 836, 0 = 2*i - n - 335. Suppose 2*p - i = 92. What is the tens digit of p?
2
Let s = -10 - -2. Let n(w) = 0*w + 2*w + w**2 + 2*w - 8. What is the tens digit of n(s)?
2
Let m(v) = 10*v - 1. Let n be m(0). What is the units digit of (52/20 + n)*95?
2
Let n be (2 + (-3 - -1))/1. Suppose 8 = -n*c + 4*c. Suppose c*k + 4*s = 40, 5*s - 71 = 2*k - 6*k. What is the tens digit of k?
1
Let r(z) = 16*z**2 - 11*z**2 - 4*z**2 + 12 + 7*z. What is the units digit of r(-6)?
6
Let g(u) = -u**3 - 3*u**2 - u + 1. Let d be g(-3). Suppose -5*i - 8 = -33, -d*r + 353 = -3*i. What is the units digit of r?
2
Let j be (-1)/(-2) - (-406)/4. Let z be ((-13)/2 + -1)*928/(-1160). Suppose j = -z*t + 240. What is the units digit of t?
3
Let t be 9/6*(4 - 2). Let z(d) = -2*d - 2*d - 2*d**2 - 4*d + t - d**3 + 14*d**2. What is the tens digit of z(11)?
3
Suppose 0 = -3*d - d - 5*g + 84, 4*g - 64 = -3*d. Suppose -28*f = -27*f + 9. Let u = d + f. What is the units digit of u?
7
Let u = -283 + 411. Let t = -76 + 81. Suppose -t*h + 117 = -u. What is the tens digit of h?
4
Let i(u) = u**3 + 11*u**2 - 15*u - 5. Let o(r) = -r**3 + 5*r**2. Let v be o(5). Suppose 4*t + v*t = -48. What is the tens digit of i(t)?
3
Suppose 5*h + 48 = 5*n + 63, -h + 7 = 3*n. Let k(o) = 36*o + 1. Let b be k(1). What is the tens digit of (n - -1) + -6 + b?
3
Suppose -z - 1854 = -3*q, 4*q - q = 3*z + 1860. What is the units digit of q?
7
Suppose g + 4 = k, 2*k = -4*g - 26 - 14. Let x(h) = 12*h**2 - 4*h**2 - 3 + 2 + h**3 + 2. What is the units digit of x(g)?
1
Suppose 4*d + 1314 = 5*h - 668, -4*h + 3*d = -1585. Suppose -5*q = 4*z - h - 599, 0 = 3*z - 4*q - 768. What is the tens digit of z?
5
Let k = -904 + 2104. What is the hundreds digit of k?
2
Let t(x) = 54*x + 52. What is the tens digit of t(7)?
3
Suppose 0 = -2*n - 8*n + 20. What is the units digit of -3 - -2 - (n + 62/(-1))?
9
Let n(y) = 2*y**2 - 11*y + 5. Let h be n(9). Suppose d - 36 = 4*o - o, 2*d = 5*o + h. What is the tens digit of d?
2
Suppose -57*w = -46*w - 660. What is the 